2?
12020
In base 2, what is -110 + -1010?
-10000
In base 8, what is 124 + -1?
123
In base 5, what is 1 - -414?
420
In base 9, what is 28 - 40?
-11
In base 10, what is -4 + -62?
-66
In base 6, what is 0 - 3?
-3
In base 8, what is 1443 - 0?
1443
In base 5, what is -34 + 112?
23
In base 11, what is -5 + -54?
-59
In base 11, what is -3 + 31?
29
In base 9, what is -11 + -35?
-46
In base 16, what is -7 + 22a?
223
In base 14, what is 2 - 7d?
-7b
In base 3, what is 10 - 11001?
-10221
In base 6, what is 5 - -111?
120
In base 13, what is -3 + 161?
15b
In base 13, what is 2a7 + 4?
2ab
In base 12, what is -6 - -5?
-1
In base 13, what is -5 + -2?
-7
In base 8, what is 1000 + 3?
1003
In base 6, what is -13 + -21?
-34
In base 4, what is 0 - 131100?
-131100
In base 12, what is 0 + -6?
-6
In base 9, what is 14201 + -4?
14186
In base 12, what is 5 + 12b2?
12b7
In base 2, what is 110 - 10101?
-1111
In base 6, what is -115 - -5?
-110
In base 12, what is -6 + 19?
13
In base 12, what is 92 - -3?
95
In base 15, what is -7 - -221?
219
In base 15, what is 0 + 24?
24
In base 9, what is -4 + 24?
20
In base 12, what is -11b2 - 2?
-11b4
In base 13, what is 1297 + 5?
129c
In base 12, what is -1 - 286?
-287
In base 12, what is 3023 - -1?
3024
In base 7, what is -1656 - -11?
-1645
In base 7, what is -30 + 0?
-30
In base 13, what is -505 - -5?
-500
In base 8, what is 0 + 71?
71
In base 4, what is -3 + -1031013?
-1031022
In base 7, what is 414 - 2?
412
In base 5, what is -1224 + -20?
-1244
In base 12, what is 2 - -379?
37b
In base 13, what is 570c - -2?
5711
In base 5, what is -10 + 11202?
11142
In base 14, what is -3 + -166?
-169
In base 13, what is b34 - 6?
b2b
In base 9, what is 11684 - 4?
11680
In base 9, what is -4 - 125?
-130
In base 16, what is -5 - -17c?
177
In base 2, what is 1101011101 + 1000?
1101100101
In base 7, what is -22665 - -1?
-22664
In base 11, what is -10 + 75?
65
In base 5, what is -112 - -13?
-44
In base 15, what is a + -109?
-ee
In base 10, what is -4 + 31?
27
In base 9, what is 1218 + 2?
1221
In base 5, what is 20 - 1213?
-1143
In base 8, what is 463 + -2?
461
In base 3, what is 22 - -1021?
1120
In base 7, what is -14 - 221?
-235
In base 3, what is -12 + -210?
-222
In base 2, what is -11111 + -1101?
-101100
In base 11, what is -21467 - -1?
-21466
In base 5, what is 1 + -21?
-20
In base 6, what is -40440 + -5?
-40445
In base 16, what is -5 - -148?
143
In base 14, what is 25 + -d?
16
In base 15, what is -5 + -6ea?
-700
In base 13, what is -11 - -c4?
b3
In base 5, what is -3 - -1243?
1240
In base 2, what is 1101001 - -11?
1101100
In base 9, what is -5 + -381?
-386
In base 15, what is 28 + 5?
2d
In base 5, what is -34 - 4?
-43
In base 3, what is -221 + 122?
-22
In base 2, what is 1111011 - 100?
1110111
In base 11, what is -191 + 1?
-190
In base 4, what is -102230 - 10?
-102300
In base 6, what is 235 - 215?
20
In base 15, what is -36a - 0?
-36a
In base 10, what is -18 + 75?
57
In base 7, what is -1 - 46?
-50
In base 15, what is 163 + -5?
15d
In base 3, what is -20112 + -2?
-20121
In base 14, what is 17c - -8?
186
In base 3, what is -11020 + -20?
-11110
In base 12, what is 1 - 52?
-51
In base 2, what is 10 - 100001001000?
-100001000110
In base 7, what is 45 + -6?
36
In base 10, what is 496 - -4?
500
In base 4, what is 0 + 32332?
32332
In base 6, what is 21 - -214?
235
In base 7, what is 4 + 2040?
2044
In base 12, what is 1 - -6b4?
6b5
In base 3, what is -10 + -10222012?
-10222022
In base 2, what is 100000 - 10?
11110
In base 16, what is -5 - -55?
50
In base 11, what is 31 - -14?
45
In base 9, what is 32 + -85?
-53
In base 13, what is c7 + 6?
100
In base 7, what is -1 + -222?
-223
In base 13, what is -c + 442?
433
In base 3, what is 1 - -2102?
2110
In base 9, what is -24 + 24?
0
In base 16, what is -a6 + -4?
-aa
In base 14, what is -2 - 52?
-54
In base 6, what is 0 - -31214?
31214
In base 5, what is -3 + 3041?
3033
In base 10, what is -1 - -57?
56
In base 10, what is -302 - -13?
-289
In base 15, what is -2b + -1b8?
-1e4
In base 9, what is 316 + 4?
321
In base 16, what is -572 + 2?
-570
In base 4, what is 120 + 3?
123
In base 10, what is -276 - -4?
-272
In base 15, what is 2 - 50?
-4d
In base 15, what is 5 - -d3?
d8
In base 9, what is -488 + -5?
-504
In base 6, what is -12 - 33?
-45
In base 13, what is 13 - 80?
-6a
In base 6, what is 215 + 333?
552
In base 15, what is -32 + 4?
-2d
In base 9, what is 74 + -17?
56
In base 10, what is -144 + -19?
-163
In base 8, what is -2 - 10200?
-10202
In base 5, what is 110 + 4?
114
In base 8, what is -5 - -3063?
3056
In base 6, what is 30 + 43?
113
In base 14, what is -236 - 8?
-240
In base 11, what is 1828 - 1?
1827
In base 11, what is 4 + -2?
2
In base 16, what is -d7 - 1?
-d8
In base 6, what is -42444 + 2?
-42442
In base 2, what is 11011 + 110000?
1001011
In base 13, what is -39 - 1?
-3a
In base 12, what is 48a4 - 5?
489b
In base 14, what is 873 - -5?
878
In base 10, what is -473 - -8?
-465
In base 13, what is 3144 - -4?
3148
In base 7, what is -63 + 0?
-63
In base 11, what is -1296 + 3?
-1293
In base 10, what is -78 + -1?
-79
In base 14, what is 293 + -2?
291
In base 16, what is 6fb + 5?
700
In base 13, what is -210 + -1b?
-22b
In base 15, what is -da + -20?
-10a
In base 4, what is -103333 + 12?
-103321
In base 14, what is 109 - 4?
105
In base 14, what is 8 - 192?
-188
In base 15, what is -d5e - 1?
-d60
In base 3, what is -1220112 + 1?
-1220111
In base 7, what is 16200 + 0?
16200
In base 16, what is -ab + b5?
a
In base 6, what is 123 + -33?
50
In base 5, what is -24411 + 1?
-24410
In base 4, what is -1000 - -30?
-310
In base 9, what is -11 - 16?
-27
In base 4, what is -2 - 1232?
-1300
In base 16, what is -4 - -37?
33
In base 8, what is 5 + -77?
-72
In base 15, what is -7c - 5?
-82
In base 16, what is 4 + 558?
55c
In base 9, what is -2 - -3417?
3415
In base 13, what is 20 - 1c?
1
In base 9, what is -1 - -28?
27
In base 7, what is 14 + 0?
14
In base 12, what is -2b7 + -5?
-300
In base 9, what is -26 - -84?
57
In base 11, what is -66 - 0?
-66
In base 12, what is 930 - 5?
927
In base 5, what is 10 + -112?
-102
In base 15, what is 4 - -acb?
ad0
In base 10, what is 15725 - -1?
15726
In base 11, what is -2 - 95?
-97
In base 12, what is 8 - -10?
18
In base 2, what is 10111011 - -101?
11000000
In base 9, what is 4 + 1022?
1026
In base 2, what is -11101100111 - -1?
-11101100110
In base 7, what is -1 - 266?
-300
In base 2, what is 0 - 100?
-100
In base 4, what is -1323 + 11?
-1312
In base 3, what is 1002121 - -2?
1002200
In base 13, what is 10c + 1?
110
In base 12, what is -1 + 451?
450
In base 6, what is 3 + 42?
45
In base 15, what is -d2 - -6?
-cb
In base 14, what is -242 + -5?
-247
In base 14, what is 36c - 4?
368
In base 15, what is 29 + 3?
2c
In base 3, what is 100101 + 2?
100110
In base 8, what is -43 + 3?
-40
In base 10, what is -352 - 4?
-356
In base 4, what is -33033 - 0?
-33033
In base 8, what is -2742 + -12?
-2754
In base 9, what is 5 - -335?
341
In base 5, what is 34 - -2203?
2242
In base 11, what is -34 - -288?
254
In base 13, what is -5 - -43?
3b
In base 2, what is -1000 - -1110?
110
In base 11, what is -1 - -31?
30
In base 10, what is 30 - -18?
48
In base 10, what is -18 + 259?
241
In base 14, what is -432c - 3?
-4331
In base 2, what is -10000000 - 0?
-10000000
In base 6, what is -23352 - 2?
-23354
In base 2, what is -11000110101 - -1?
-11000110100
In base 4, what is 10 - -2200?
2210
In base 10, what is 1 + 85?
86
In base 12, what is -1 + -834?
-835
In base 10, what is 1167 + -1?
1166
In base 10, what is -3 + -6471?
-6474
In base 16, what is -f + -8?
-17
In base 13, what is -2363 + 4?
-235c
In base 8, what is 2 - -16?
20
In base 2, what is -10101011 - -10?
-10101001
In base 10, what is 44 + -2?
42
In base 16, what is 7a5 - 3?
7a2
In base 6, what is 231 + -5?
222
In base 3, what is 11 + 1?
12
In base 12, what is -1a - -1?
-19
In base 16, what is -25 + -10?
-35
In base 3, what is 1000111 + 10?
1000121
In base 13, what is 15 - 31?
-19
In base 14, what is 3254 - 3?
3251
In base 2, what is 1110110100 - -11?
1110110111
In base 10, what is -118 + -2?
-120
In base 3, what is 11 + 10010100?
10010111
In base 7, what is -132 - -11?
-121
In base 13, what is 2 + -50?
-4b
In base 7, what is 4 + 1045?
1052
In base 13, what is 